{"id":36,"date":"2012-09-17T08:52:44","date_gmt":"2012-09-17T06:52:44","guid":{"rendered":"http:\/\/trencin.fara.sk\/?page_id=36"},"modified":"2020-06-15T21:06:47","modified_gmt":"2020-06-15T19:06:47","slug":"pomazanie-chorych","status":"publish","type":"page","link":"http:\/\/trencin.fara.sk\/?page_id=36","title":{"rendered":"Pomazanie chor\u00fdch"},"content":{"rendered":"<p>Pomazan\u00edm chor\u00fdch a modlitbou k\u0148azov Cirkev odpor\u00fa\u010da chor\u00fdch trpiacemu a osl\u00e1ven\u00e9mu P\u00e1novi, aby im u\u013eavil a spasil ich. Nejde o posledn\u00e9 pomazanie, ako sa mnoh\u00ed domnievaj\u00fa.<\/p>\n<p>Pomazanie chor\u00fdch sa m\u00f4\u017ee udeli\u0165 veriacemu, ktor\u00fd sa v d\u00f4sledku choroby alebo staroby za\u010d\u00edna ocita\u0165 v nebezpe\u010denstve smrti. M\u00f4\u017ee sa zopakova\u0165, ak chor\u00fd po zlep\u0161en\u00ed zdravotn\u00e9ho stavu znovu upadne do \u0165a\u017ekej choroby, alebo ak sa po\u010das trvania tej istej choroby jeho zdravotn\u00fd stav zhor\u0161\u00ed. Pomazanie je dobr\u00e9 prija\u0165 i v pr\u00edpade odchodu do nemocnice.<\/p>\n<p>Sviatos\u0165 pomazania chor\u00fdch vysluhujeme raz do roka hromadne pri sv. om\u0161i, zvy\u010dajne po\u010das P\u00f4stneho obdobia. Presn\u00fd term\u00edn vysl\u00fa\u017eenia oznamujeme prostredn\u00edctvom farsk\u00fdch oznamov.<\/p>\n<p>Inak sviatos\u0165 vysluhujeme&nbsp;<strong>individu\u00e1lne&nbsp;<\/strong>&#8211; doma alebo v nemocnici.<\/p>\n<p>K\u00fdm pr\u00edde k\u0148az, odpor\u00fa\u010dame zotrva\u0165 pri chorom v modlitbe. O udelenie sviatosti&nbsp;<strong>doma<\/strong> m\u00f4\u017eete po\u017eiada\u0165 na tel. \u010d.: <strong>0910 852 349, <\/strong><strong>032\/743 42 76, v<\/strong><strong>&nbsp;nemocnici<\/strong> na tel. \u010d\u00edsle: <strong>0907 772 446<\/strong>&nbsp;alebo pred sv. om\u0161ou v nemocni\u010dnej kaplnke. <a href=\"http:\/\/trencin.fara.sk\/?page_id=224\" target=\"_blank\" rel=\"noopener noreferrer\">Viac inform\u00e1ci\u00ed o duchovnej slu\u017ebe v nemocnici<\/a>.<\/p>\n<p>Pros\u00edme, aby ste k chor\u00e9mu zavolali k\u0148aza \u010d\u00edm sk\u00f4r. Ve\u010f pr\u00e1ve t\u00e1to sviatos\u0165 prin\u00e1\u0161a chor\u00e9mu pokoj, silu a odvahu na prem\u00e1hanie bolesti a \u0165a\u017ekost\u00ed.<\/p>\n","protected":false},"excerpt":{"rendered":"<p>Pomazan\u00edm chor\u00fdch a modlitbou k\u0148azov Cirkev odpor\u00fa\u010da chor\u00fdch trpiacemu a osl\u00e1ven\u00e9mu P\u00e1novi, aby im u\u013eavil a spasil ich. Nejde o posledn\u00e9 pomazanie, ako sa mnoh\u00ed domnievaj\u00fa. Pomazanie chor\u00fdch sa m\u00f4\u017ee udeli\u0165 veriacemu, ktor\u00fd sa v d\u00f4sledku choroby alebo staroby za\u010d\u00edna&#8230;<\/p>\n","protected":false},"author":1,"featured_media":0,"parent":124,"menu_order":0,"comment_status":"closed","ping_status":"closed","template":"","meta":{"ngg_post_thumbnail":0,"footnotes":""},"class_list":["post-36","page","type-page","status-publish","hentry"],"_links":{"self":[{"href":"http:\/\/trencin.fara.sk\/index.php?rest_route=\/wp\/v2\/pages\/36"}],"collection":[{"href":"http:\/\/trencin.fara.sk\/index.php?rest_route=\/wp\/v2\/pages"}],"about":[{"href":"http:\/\/trencin.fara.sk\/index.php?rest_route=\/wp\/v2\/types\/page"}],"author":[{"embeddable":true,"href":"http:\/\/trencin.fara.sk\/index.php?rest_route=\/wp\/v2\/users\/1"}],"replies":[{"embeddable":true,"href":"http:\/\/trencin.fara.sk\/index.php?rest_route=%2Fwp%2Fv2%2Fcomments&post=36"}],"version-history":[{"count":14,"href":"http:\/\/trencin.fara.sk\/index.php?rest_route=\/wp\/v2\/pages\/36\/revisions"}],"predecessor-version":[{"id":6431,"href":"http:\/\/trencin.fara.sk\/index.php?rest_route=\/wp\/v2\/pages\/36\/revisions\/6431"}],"up":[{"embeddable":true,"href":"http:\/\/trencin.fara.sk\/index.php?rest_route=\/wp\/v2\/pages\/124"}],"wp:attachment":[{"href":"http:\/\/trencin.fara.sk\/index.php?rest_route=%2Fwp%2Fv2%2Fmedia&parent=36"}],"curies":[{"name":"wp","href":"https:\/\/api.w.org\/{rel}","templated":true}]}}