{"id":119,"date":"2012-09-17T22:50:54","date_gmt":"2012-09-17T20:50:54","guid":{"rendered":"http:\/\/trencin.fara.sk\/?page_id=119"},"modified":"2020-05-05T13:01:48","modified_gmt":"2020-05-05T11:01:48","slug":"liturgia","status":"publish","type":"page","link":"https:\/\/trencin.fara.sk\/?page_id=119","title":{"rendered":"Liturgia"},"content":{"rendered":"<p>Liturgia je ofici\u00e1lna bohoslu\u017eba Cirkvi. \u010clovek liturgiu nevytv\u00e1ra ani nevym\u00fd\u0161\u013ea. Liturgia je \u017eiv\u00e1, vyrastaj\u00faca z tis\u00edcro\u010dnej viery. Bohoslu\u017eba je posv\u00e4tn\u00e1 a vzne\u0161en\u00e1 udalos\u0165. Rozochvieva \u010dloveka, ke\u010f vytu\u0161\u00ed, \u017ee s\u00e1m Boh je nevidite\u013ene pr\u00edtomn\u00fd v jej posv\u00e4tn\u00fdch znakoch a vo vz\u00e1cnych, \u010dasto starobyl\u00fdch modlitb\u00e1ch.<br \/>\n(Prevzat\u00e9 z Youcat)<\/p>\n","protected":false},"excerpt":{"rendered":"<p>Liturgia je ofici\u00e1lna bohoslu\u017eba Cirkvi. \u010clovek liturgiu nevytv\u00e1ra ani nevym\u00fd\u0161\u013ea. Liturgia je \u017eiv\u00e1, vyrastaj\u00faca z tis\u00edcro\u010dnej viery. Bohoslu\u017eba je posv\u00e4tn\u00e1 a vzne\u0161en\u00e1 udalos\u0165. Rozochvieva \u010dloveka, ke\u010f vytu\u0161\u00ed, \u017ee s\u00e1m Boh je nevidite\u013ene pr\u00edtomn\u00fd v jej posv\u00e4tn\u00fdch znakoch a vo vz\u00e1cnych,&#8230;<\/p>\n","protected":false},"author":1,"featured_media":0,"parent":0,"menu_order":0,"comment_status":"closed","ping_status":"closed","template":"","meta":{"ngg_post_thumbnail":0,"footnotes":""},"class_list":["post-119","page","type-page","status-publish","hentry"],"_links":{"self":[{"href":"https:\/\/trencin.fara.sk\/index.php?rest_route=\/wp\/v2\/pages\/119"}],"collection":[{"href":"https:\/\/trencin.fara.sk\/index.php?rest_route=\/wp\/v2\/pages"}],"about":[{"href":"https:\/\/trencin.fara.sk\/index.php?rest_route=\/wp\/v2\/types\/page"}],"author":[{"embeddable":true,"href":"https:\/\/trencin.fara.sk\/index.php?rest_route=\/wp\/v2\/users\/1"}],"replies":[{"embeddable":true,"href":"https:\/\/trencin.fara.sk\/index.php?rest_route=%2Fwp%2Fv2%2Fcomments&post=119"}],"version-history":[{"count":6,"href":"https:\/\/trencin.fara.sk\/index.php?rest_route=\/wp\/v2\/pages\/119\/revisions"}],"predecessor-version":[{"id":6336,"href":"https:\/\/trencin.fara.sk\/index.php?rest_route=\/wp\/v2\/pages\/119\/revisions\/6336"}],"wp:attachment":[{"href":"https:\/\/trencin.fara.sk\/index.php?rest_route=%2Fwp%2Fv2%2Fmedia&parent=119"}],"curies":[{"name":"wp","href":"https:\/\/api.w.org\/{rel}","templated":true}]}}