{"id":152,"date":"2012-09-18T00:11:19","date_gmt":"2012-09-17T22:11:19","guid":{"rendered":"http:\/\/trencin.fara.sk\/?page_id=152"},"modified":"2019-08-01T18:54:50","modified_gmt":"2019-08-01T16:54:50","slug":"farsky-kostol-narodenia-panny-marie","status":"publish","type":"page","link":"https:\/\/trencin.fara.sk\/?page_id=152","title":{"rendered":"Farsk\u00fd kostol Narodenia Panny M\u00e1rie"},"content":{"rendered":"<p><a href=\"http:\/\/trencin.fara.sk\/wp-content\/uploads\/2012\/09\/DSC008622.jpg\"><img loading=\"lazy\" decoding=\"async\" class=\"alignleft size-thumbnail wp-image-623\" title=\"DSC00862\" alt=\"\" src=\"http:\/\/trencin.fara.sk\/wp-content\/uploads\/2012\/09\/DSC008622-150x150.jpg\" width=\"150\" height=\"150\" \/><\/a>Farsk\u00fd kostol bol zalo\u017een\u00fd okolo r. 1324. Bol postaven\u00fd na mieste star\u0161ieho kostol\u00edka na v\u0155\u0161ku zvanom Mari\u00e1nska hora (Marienberg). Pozost\u00e1va z predsunutej ve\u017ee, trojlodia a k nim prisl\u00fachaj\u00faceho polygon\u00e1lneho ukon\u010denia. Obe bo\u010dn\u00e9 lode zakon\u010duj\u00fa kaplnky (\u013eav\u00fa kaplnka Ille\u0161h\u00e1zyovcov, prav\u00fa kaplnka sv. Imricha).<\/p>\n<p>Kostol bol viackr\u00e1t zni\u010den\u00fd po\u017eiarom. Jeden z najv\u00e4\u010d\u0161\u00edch po\u017eiarov v meste vypukol v r. 1790 a zachv\u00e1til aj cel\u00fd Marienburg. Pri obrovskej teplote horiaceho kostola sa roztavili tri zo \u0161tyroch zvonov vo ve\u017ei. U\u0161etren\u00fd bol najmen\u0161\u00ed zvon. Kostol bol po po\u017eiari riadne opraven\u00fd, ve\u017ea bola postaven\u00e1 nanovo.<\/p>\n<p>Po\u010das po\u017eiaru v r. 1886 zhorel kostol i fara. Celkov\u00e1 rekon\u0161trukcia prebiehala a\u017e v r. 1911 \u2013 1912, n\u00e1klady boli 60 000,\u2013 kor\u00fan.<\/p>\n<p>Interi\u00e9r kostola: spom\u00edna sa 13 n\u00e1stenn\u00fdch obrazov (sv. J\u00e1n Nepomuck\u00fd; blahoslaven\u00fd J\u00e1na Sarkander; Bi\u010dovanie Krista; Ukri\u017eovanie Krista, Proroka Daniela v jame Levovej \u017eiv\u00ed prorok Habakuk; Obraz Sv\u00e4tej Trojice (pri tomto obraze je pozn\u00e1mka o jeho optickej zvl\u00e1\u0161tnosti \u2013 ak sa na\u0148 d\u00edvame z\u013eava, vid\u00edme Boha Otca, sprava Syna, a pri poh\u013eade spredu Ducha Sv\u00e4t\u00e9ho v podobe holubice); Panna M\u00e1ria s Je\u017ei\u0161kom v n\u00e1ru\u010d\u00ed; Trpiaci Kristus; Kristus v Getsemanskej z\u00e1hrade; Kame\u0148ovanie sv. \u0160tefana; Obraz Spasite\u013ea; Kristus vyh\u00e1\u0148a predava\u010dov a kupcov z chr\u00e1mu; Hlava Krista korunovan\u00e1 t\u0155n\u00edm).<\/p>\n<p>Autorom fresiek je Franti\u0161ek P\u0159e\u010dek star\u0161\u00ed (1863 &#8211; 1939). Za cel\u00fa pr\u00e1cu na fresk\u00e1ch mu vyplatila fara na t\u00fa dobu ve\u013emi slu\u0161n\u00fd obnos 14 377 kor\u00fan. Okenn\u00e9 vitr\u00e1\u017ee poch\u00e1dzaj\u00fa z roku 1911-12 a vytvoril ich Gedeon Walthero. Hlavn\u00fd olt\u00e1r bol zak\u00fapen\u00fd v r. 1925. Z tohto obdobia poch\u00e1dza aj kr\u00ed\u017eov\u00e1 cesta. Na \u00fastrednom olt\u00e1rnom obraze je v\u00fdjav narodenia Panny M\u00e1rie.<\/p>\n<p>Murovan\u00e1 kazate\u013enica je jednou z najstar\u0161\u00edch s\u00fa\u010dast\u00ed kostola a datuje sa a\u017e do 15. storo\u010dia. Organ sa spom\u00edna v z\u00e1pise z 18. m\u00e1ja 1481. Ten s\u00fa\u010dasn\u00fd bol postaven\u00fd v r. 1930 (organ\u00e1r Rieger, Opus 2480).<\/p>\n<p>Gotick\u00e1 mon\u0161trancia, ktor\u00e1 poch\u00e1dza zo 14., resp. 15. stor., je pova\u017eovan\u00e1 za najvz\u00e1cnej\u0161\u00ed klenot invent\u00e1ru kostola. \u010casto sa uv\u00e1dza ako dar \u013dudov\u00edta Ve\u013ek\u00e9ho, resp. Karola IV. farsk\u00e9mu kostolu v Tren\u010d\u00edne, pri pr\u00edle\u017eitosti mierov\u00e9ho rokovania oboch panovn\u00edkov v Tren\u010d\u00edne.<\/p>\n<p>Adresa: Mat\u00fa\u0161ova 2, Tren\u010d\u00edn; spr\u00e1vca: R\u00edmskokatol\u00edcky farsk\u00fd \u00farad Tren\u010d\u00edn<\/p>\n","protected":false},"excerpt":{"rendered":"<p>Farsk\u00fd kostol bol zalo\u017een\u00fd okolo r. 1324. Bol postaven\u00fd na mieste star\u0161ieho kostol\u00edka na v\u0155\u0161ku zvanom Mari\u00e1nska hora (Marienberg). Pozost\u00e1va z predsunutej ve\u017ee, trojlodia a k nim prisl\u00fachaj\u00faceho polygon\u00e1lneho ukon\u010denia. Obe bo\u010dn\u00e9 lode zakon\u010duj\u00fa kaplnky (\u013eav\u00fa kaplnka Ille\u0161h\u00e1zyovcov, prav\u00fa kaplnka&#8230;<\/p>\n","protected":false},"author":1,"featured_media":922,"parent":0,"menu_order":0,"comment_status":"closed","ping_status":"closed","template":"","meta":{"ngg_post_thumbnail":0,"footnotes":""},"class_list":["post-152","page","type-page","status-publish","has-post-thumbnail","hentry"],"_links":{"self":[{"href":"https:\/\/trencin.fara.sk\/index.php?rest_route=\/wp\/v2\/pages\/152"}],"collection":[{"href":"https:\/\/trencin.fara.sk\/index.php?rest_route=\/wp\/v2\/pages"}],"about":[{"href":"https:\/\/trencin.fara.sk\/index.php?rest_route=\/wp\/v2\/types\/page"}],"author":[{"embeddable":true,"href":"https:\/\/trencin.fara.sk\/index.php?rest_route=\/wp\/v2\/users\/1"}],"replies":[{"embeddable":true,"href":"https:\/\/trencin.fara.sk\/index.php?rest_route=%2Fwp%2Fv2%2Fcomments&post=152"}],"version-history":[{"count":13,"href":"https:\/\/trencin.fara.sk\/index.php?rest_route=\/wp\/v2\/pages\/152\/revisions"}],"predecessor-version":[{"id":975,"href":"https:\/\/trencin.fara.sk\/index.php?rest_route=\/wp\/v2\/pages\/152\/revisions\/975"}],"wp:featuredmedia":[{"embeddable":true,"href":"https:\/\/trencin.fara.sk\/index.php?rest_route=\/wp\/v2\/media\/922"}],"wp:attachment":[{"href":"https:\/\/trencin.fara.sk\/index.php?rest_route=%2Fwp%2Fv2%2Fmedia&parent=152"}],"curies":[{"name":"wp","href":"https:\/\/api.w.org\/{rel}","templated":true}]}}