{"id":160,"date":"2012-09-18T00:13:44","date_gmt":"2012-09-17T22:13:44","guid":{"rendered":"http:\/\/trencin.fara.sk\/?page_id=160"},"modified":"2019-08-01T18:54:50","modified_gmt":"2019-08-01T16:54:50","slug":"klastorny-kostol-notre-dame","status":"publish","type":"page","link":"https:\/\/trencin.fara.sk\/?page_id=160","title":{"rendered":"Kl\u00e1\u0161torn\u00fd kostol Notre Dame"},"content":{"rendered":"<p><a href=\"http:\/\/trencin.fara.sk\/wp-content\/uploads\/2012\/09\/DSC00854.jpg\"><img loading=\"lazy\" decoding=\"async\" class=\"alignleft size-thumbnail wp-image-631\" title=\"DSC00854\" src=\"http:\/\/trencin.fara.sk\/wp-content\/uploads\/2012\/09\/DSC00854-150x150.jpg\" alt=\"\" width=\"150\" height=\"150\" \/><\/a>Kostol postaven\u00fd v roku 1909 v neorom\u00e1nskom slohu.<\/p>\n<p>N\u00e1stenn\u00e9 ma\u013eby a kr\u00ed\u017eov\u00e1 cesta s\u00fa dielom slovensk\u00e9ho maliara Petra J. Kerna (r. 1924). Obraz Sedembolestnej Panny M\u00e1rie (r. 1909) v bo\u010dnej kaplnke je dielom F. Schumachera.<\/p>\n<p>Organ bol postaven\u00fd v r. 1926 (organ\u00e1r: Rieger, Opus 2248).<\/p>\n<p>Adresa: 1. m\u00e1ja, Tren\u010d\u00edn; spr\u00e1vca: R\u00edmskokatol\u00edcky farsk\u00fd \u00farad Tren\u010d\u00edn<\/p>\n","protected":false},"excerpt":{"rendered":"<p>Kostol postaven\u00fd v roku 1909 v neorom\u00e1nskom slohu. N\u00e1stenn\u00e9 ma\u013eby a kr\u00ed\u017eov\u00e1 cesta s\u00fa dielom slovensk\u00e9ho maliara Petra J. Kerna (r. 1924). Obraz Sedembolestnej Panny M\u00e1rie (r. 1909) v bo\u010dnej kaplnke je dielom F. Schumachera. Organ bol postaven\u00fd v r&#8230;.<\/p>\n","protected":false},"author":1,"featured_media":631,"parent":0,"menu_order":0,"comment_status":"closed","ping_status":"closed","template":"","meta":{"ngg_post_thumbnail":0,"footnotes":""},"class_list":["post-160","page","type-page","status-publish","has-post-thumbnail","hentry"],"_links":{"self":[{"href":"https:\/\/trencin.fara.sk\/index.php?rest_route=\/wp\/v2\/pages\/160"}],"collection":[{"href":"https:\/\/trencin.fara.sk\/index.php?rest_route=\/wp\/v2\/pages"}],"about":[{"href":"https:\/\/trencin.fara.sk\/index.php?rest_route=\/wp\/v2\/types\/page"}],"author":[{"embeddable":true,"href":"https:\/\/trencin.fara.sk\/index.php?rest_route=\/wp\/v2\/users\/1"}],"replies":[{"embeddable":true,"href":"https:\/\/trencin.fara.sk\/index.php?rest_route=%2Fwp%2Fv2%2Fcomments&post=160"}],"version-history":[{"count":9,"href":"https:\/\/trencin.fara.sk\/index.php?rest_route=\/wp\/v2\/pages\/160\/revisions"}],"predecessor-version":[{"id":787,"href":"https:\/\/trencin.fara.sk\/index.php?rest_route=\/wp\/v2\/pages\/160\/revisions\/787"}],"wp:featuredmedia":[{"embeddable":true,"href":"https:\/\/trencin.fara.sk\/index.php?rest_route=\/wp\/v2\/media\/631"}],"wp:attachment":[{"href":"https:\/\/trencin.fara.sk\/index.php?rest_route=%2Fwp%2Fv2%2Fmedia&parent=160"}],"curies":[{"name":"wp","href":"https:\/\/api.w.org\/{rel}","templated":true}]}}