{"id":162,"date":"2012-09-18T00:14:25","date_gmt":"2012-09-17T22:14:25","guid":{"rendered":"http:\/\/trencin.fara.sk\/?page_id=162"},"modified":"2019-08-01T18:54:50","modified_gmt":"2019-08-01T16:54:50","slug":"kaplnka-sv-anny","status":"publish","type":"page","link":"https:\/\/trencin.fara.sk\/?page_id=162","title":{"rendered":"Kaplnka sv. Anny"},"content":{"rendered":"<p><img loading=\"lazy\" decoding=\"async\" style=\"float: left;\" alt=\"\" src=\"http:\/\/trencin.fara.sk\/wp-content\/uploads\/2012\/09\/DSC00869.jpg\" width=\"150\" height=\"106\" \/>\u00a0Kaplnka bola postaven\u00e1 v dobe ustupuj\u00faceho baroka. Jej vzorom bol jezuitsk\u00fd kostol na n\u00e1mest\u00ed. Z\u00e1kladn\u00fd kame\u0148 bol polo\u017een\u00fd 26. apr\u00edla 1767 a u\u017e 26. j\u00fala 1768 \u2013 v de\u0148 sv. Anny \u2013 bola kaplnka posv\u00e4ten\u00e1.<\/p>\n<p>Najvz\u00e1cnej\u0161ie ocenenie kaplnke prejavil s\u00e1m p\u00e1pe\u017e Klement XIV., ktor\u00fd ihne\u010f po svojom nast\u00fapen\u00ed na Petrov stolec r. 1769 umo\u017enil v nej z\u00edska\u0165 plnomocn\u00e9 odpustky. Uvedenou poctou z\u00edskala kaplnka na v\u00e1\u017enosti a stala sa vyh\u013ead\u00e1van\u00fdm cirkevn\u00fdm miestom.<\/p>\n<p>Pri pr\u00edle\u017eitosti 100-ho jubilea posviacky kaplnky p\u00e1pe\u017e Pius IX. obnovil v\u00fdsadu z\u00edska\u0165 plnomocn\u00e9 odpustky, pra\u017esk\u00fd arcibiskup kardin\u00e1l knie\u017ea Schwarzenberg daroval \u010diasto\u010dku pozostatkov sv. J\u00e1na Nepomuck\u00e9ho a nitriansky biskup obohatil kostol\u00edk relikviami sv. Andreja a Benedikta \u2013 patr\u00f3nov biskupstva. Z\u00e1rove\u0148 bol nain\u0161talovan\u00fd organ. V roku 1889 kur\u00e1t Jozef Diera realizoval gener\u00e1lnu opravu kaplnky.<\/p>\n<p>V r. 1938 pri\u0161li do Tren\u010d\u00edna dominik\u00e1ni. Prevzali duchovn\u00fa spr\u00e1vu v\u00e4znice a duchovn\u00fa slu\u017ebu v nemocnici. Starali sa aj o vzdialenej\u0161iu Skalku. Ich vynikaj\u00face k\u00e1zne l\u00e1kali veriacich aj zo vzdialenej\u0161\u00edch os\u00e1d. D\u00f4le\u017eitou zlo\u017ekou ich \u010dinnosti bolo vyu\u010dovanie n\u00e1bo\u017eenstva na \u0161kol\u00e1ch. Po n\u00e1stupe totality boli dominik\u00e1ni rozohnan\u00ed.<\/p>\n<p>Pre mnoh\u00fdch tren\u010danov ku kaplnke sv. Anny nepochybne patril ThDr. Vojtech Hromn\u00edk (1914 &#8211; 1999), k\u0148az, ktor\u00fd aj v chorobe a pokro\u010dilom veku vedel svoj\u00edm ohniv\u00fdm z\u00e1palom zdru\u017ei\u0165 veriacich k vernosti katol\u00edckej cirkvi.<\/p>\n<p>V interi\u00e9ri kaplnky m\u00f4\u017eeme vzadu n\u00e1js\u0165 tmav\u00fa grotu, ktorej pr\u00edzemn\u00e1 \u010das\u0165 bola pri prechode frontu 9. apr\u00edla 1945 zasiahnut\u00e1 gran\u00e1tom. Organ je v porad\u00ed u\u017e tret\u00ed a bol postaven\u00fd r. 1892 (organ\u00e1r: Rieger, Opus 343). Vpredu sa nach\u00e1dza kazate\u013enica \u2013 z\u00e1kladn\u00fdm prvkom je obraz Krista hl\u00e1saj\u00faceho Bo\u017eie pravdy zhroma\u017eden\u00e9mu \u013eudu (autor: Emil Czech z Viedne, r. 1886). Nad hlavn\u00fdm olt\u00e1rom je obraz patr\u00f3nky kostola &#8211; sv. Anna, u\u010diaca svoju dc\u00e9ru M\u00e1riu (z druhej polovice 18. stor.). Vitr\u00e1\u017ee na okn\u00e1ch kostolnej lode vytvoril vdp. Emil Prokop, k\u0148az, ktor\u00fd dlh\u00e9 roky p\u00f4sobil v kostole de Notre Dame. Spracovan\u00e9 pod\u013ea: Pozdi\u0161ovsk\u00fd, \u0160.: Kostol\u00edk sv\u00e4tej Anny. I. S. Print, Bratislava 2003.<\/p>\n<p>Adresa: N\u00e1mestie sv. Anny, Tren\u010d\u00edn; spr\u00e1vca: R\u00edmskokatol\u00edcky farsk\u00fd \u00farad Tren\u010d\u00edn<\/p>\n","protected":false},"excerpt":{"rendered":"<p>\u00a0Kaplnka bola postaven\u00e1 v dobe ustupuj\u00faceho baroka. Jej vzorom bol jezuitsk\u00fd kostol na n\u00e1mest\u00ed. Z\u00e1kladn\u00fd kame\u0148 bol polo\u017een\u00fd 26. apr\u00edla 1767 a u\u017e 26. j\u00fala 1768 \u2013 v de\u0148 sv. Anny \u2013 bola kaplnka posv\u00e4ten\u00e1. Najvz\u00e1cnej\u0161ie ocenenie kaplnke prejavil s\u00e1m&#8230;<\/p>\n","protected":false},"author":1,"featured_media":629,"parent":0,"menu_order":0,"comment_status":"closed","ping_status":"closed","template":"","meta":{"ngg_post_thumbnail":0,"footnotes":""},"class_list":["post-162","page","type-page","status-publish","has-post-thumbnail","hentry"],"_links":{"self":[{"href":"https:\/\/trencin.fara.sk\/index.php?rest_route=\/wp\/v2\/pages\/162"}],"collection":[{"href":"https:\/\/trencin.fara.sk\/index.php?rest_route=\/wp\/v2\/pages"}],"about":[{"href":"https:\/\/trencin.fara.sk\/index.php?rest_route=\/wp\/v2\/types\/page"}],"author":[{"embeddable":true,"href":"https:\/\/trencin.fara.sk\/index.php?rest_route=\/wp\/v2\/users\/1"}],"replies":[{"embeddable":true,"href":"https:\/\/trencin.fara.sk\/index.php?rest_route=%2Fwp%2Fv2%2Fcomments&post=162"}],"version-history":[{"count":16,"href":"https:\/\/trencin.fara.sk\/index.php?rest_route=\/wp\/v2\/pages\/162\/revisions"}],"predecessor-version":[{"id":935,"href":"https:\/\/trencin.fara.sk\/index.php?rest_route=\/wp\/v2\/pages\/162\/revisions\/935"}],"wp:featuredmedia":[{"embeddable":true,"href":"https:\/\/trencin.fara.sk\/index.php?rest_route=\/wp\/v2\/media\/629"}],"wp:attachment":[{"href":"https:\/\/trencin.fara.sk\/index.php?rest_route=%2Fwp%2Fv2%2Fmedia&parent=162"}],"curies":[{"name":"wp","href":"https:\/\/api.w.org\/{rel}","templated":true}]}}