{"id":172,"date":"2012-09-18T00:19:38","date_gmt":"2012-09-17T22:19:38","guid":{"rendered":"http:\/\/trencin.fara.sk\/?page_id=172"},"modified":"2019-08-01T18:54:50","modified_gmt":"2019-08-01T16:54:50","slug":"nemocnicna-kaplnka","status":"publish","type":"page","link":"https:\/\/trencin.fara.sk\/?page_id=172","title":{"rendered":"Nemocni\u010dn\u00e1 kaplnka"},"content":{"rendered":"<p><strong><a href=\"http:\/\/trencin.fara.sk\/wp-content\/uploads\/2012\/09\/kaplnka05.jpg\"><img loading=\"lazy\" decoding=\"async\" class=\"alignleft size-thumbnail wp-image-173\" title=\"kaplnka05\" src=\"http:\/\/trencin.fara.sk\/wp-content\/uploads\/2012\/09\/kaplnka05-150x150.jpg\" alt=\"\" width=\"150\" height=\"150\" \/><\/a>Nemocni\u010dn\u00e1 kaplnka Najsv\u00e4tej\u0161ieho Srdca Je\u017ei\u0161ovho\u00a0<\/strong>sa nach\u00e1dza medzi onkologick\u00fdm a geriatrick\u00fdm pavil\u00f3nom. Ke\u010f\u017ee sa jedn\u00e1 o pr\u00edzemn\u00fa budovu, je tu zabezpe\u010den\u00fd bezbari\u00e9rov\u00fd pr\u00edstup. Interi\u00e9r i exteri\u00e9r kaplnky s\u00fa v s\u00fa\u010dasnosti v \u0161t\u00e1diu dobudov\u00e1vania. Po \u00faplnom dokon\u010den\u00ed sa po\u010d\u00edta s t\u00fdm, \u017ee bude cel\u00fd de\u0148 pr\u00edstupn\u00e1 v\u0161etk\u00fdm z\u00e1ujemcom na osobn\u00fa reflexiu, modlitbu alebo zotrvanie v tichu po\u010das cel\u00e9ho d\u0148a.<\/p>\n<p>Lokaliz\u00e1cia:\u00a0kaplnku n\u00e1jdete na mape are\u00e1lu pod \u010d.21\u00a0(<a href=\"http:\/\/trencin.fara.sk\/wp-content\/uploads\/2012\/10\/areal_nemocnice.jpg\" target=\"_blank\" rel=\"noopener noreferrer\">mapa are\u00e1lu<\/a>\u00a0&#8211; prevzat\u00e9 z\u00a0www.fntn.sk).<\/p>\n","protected":false},"excerpt":{"rendered":"<p>Nemocni\u010dn\u00e1 kaplnka Najsv\u00e4tej\u0161ieho Srdca Je\u017ei\u0161ovho\u00a0sa nach\u00e1dza medzi onkologick\u00fdm a geriatrick\u00fdm pavil\u00f3nom. Ke\u010f\u017ee sa jedn\u00e1 o pr\u00edzemn\u00fa budovu, je tu zabezpe\u010den\u00fd bezbari\u00e9rov\u00fd pr\u00edstup. Interi\u00e9r i exteri\u00e9r kaplnky s\u00fa v s\u00fa\u010dasnosti v \u0161t\u00e1diu dobudov\u00e1vania. Po \u00faplnom dokon\u010den\u00ed sa po\u010d\u00edta s t\u00fdm, \u017ee&#8230;<\/p>\n","protected":false},"author":1,"featured_media":173,"parent":0,"menu_order":0,"comment_status":"closed","ping_status":"closed","template":"","meta":{"ngg_post_thumbnail":0,"footnotes":""},"class_list":["post-172","page","type-page","status-publish","has-post-thumbnail","hentry"],"_links":{"self":[{"href":"https:\/\/trencin.fara.sk\/index.php?rest_route=\/wp\/v2\/pages\/172"}],"collection":[{"href":"https:\/\/trencin.fara.sk\/index.php?rest_route=\/wp\/v2\/pages"}],"about":[{"href":"https:\/\/trencin.fara.sk\/index.php?rest_route=\/wp\/v2\/types\/page"}],"author":[{"embeddable":true,"href":"https:\/\/trencin.fara.sk\/index.php?rest_route=\/wp\/v2\/users\/1"}],"replies":[{"embeddable":true,"href":"https:\/\/trencin.fara.sk\/index.php?rest_route=%2Fwp%2Fv2%2Fcomments&post=172"}],"version-history":[{"count":13,"href":"https:\/\/trencin.fara.sk\/index.php?rest_route=\/wp\/v2\/pages\/172\/revisions"}],"predecessor-version":[{"id":5653,"href":"https:\/\/trencin.fara.sk\/index.php?rest_route=\/wp\/v2\/pages\/172\/revisions\/5653"}],"wp:featuredmedia":[{"embeddable":true,"href":"https:\/\/trencin.fara.sk\/index.php?rest_route=\/wp\/v2\/media\/173"}],"wp:attachment":[{"href":"https:\/\/trencin.fara.sk\/index.php?rest_route=%2Fwp%2Fv2%2Fmedia&parent=172"}],"curies":[{"name":"wp","href":"https:\/\/api.w.org\/{rel}","templated":true}]}}

Nemocničná kaplnka

<p><strong><a href="http://trencin.fara.sk/wp-content/uploads/2012/09/kaplnka05.jpg"><img loading="lazy" decoding="async" class="alignleft size-thumbnail wp-image-173" title="kaplnka05" src="http://trencin.fara.sk/wp-content/uploads/2012/09/kaplnka05-150x150.jpg" alt="" width="150" height="150" /></a>Nemocničná kaplnka Najsvätejšieho Srdca Ježišovho </strong>sa nachádza medzi onkologickým a geriatrickým pavilónom. Keďže sa jedná o prízemnú budovu, je tu zabezpečený bezbariérový prístup. Interiér i exteriér kaplnky sú v súčasnosti v štádiu dobudovávania. Po úplnom dokončení sa počíta s tým, že bude celý deň prístupná všetkým záujemcom na osobnú reflexiu, modlitbu alebo zotrvanie v tichu počas celého dňa.</p>
<p>Lokalizácia: kaplnku nájdete na mape areálu pod č.21 (<a href="http://trencin.fara.sk/wp-content/uploads/2012/10/areal_nemocnice.jpg" target="_blank" rel="noopener noreferrer">mapa areálu</a> &#8211; prevzaté z www.fntn.sk).</p>

<p>Nemocničná kaplnka Najsvätejšieho Srdca Ježišovho sa nachádza medzi onkologickým a geriatrickým pavilónom. Keďže sa jedná o prízemnú budovu, je tu zabezpečený bezbariérový prístup. Interiér i exteriér kaplnky sú v súčasnosti v štádiu dobudovávania. Po úplnom dokončení sa počíta s tým, že&#8230;</p>
