{"id":30,"date":"2012-09-17T08:45:48","date_gmt":"2012-09-17T06:45:48","guid":{"rendered":"http:\/\/trencin.fara.sk\/?page_id=30"},"modified":"2026-01-27T20:48:23","modified_gmt":"2026-01-27T19:48:23","slug":"birmovanie","status":"publish","type":"page","link":"https:\/\/trencin.fara.sk\/?page_id=30","title":{"rendered":"Birmovanie"},"content":{"rendered":"\n<p><\/p>\n\n\n<p>Na Tur\u00edce naplnil apo\u0161tolov Duch Sv\u00e4t\u00fd. Vyzbrojil ich mocou z v\u00fdsosti a umo\u017enil hlb\u0161ie poznanie Kristov\u00fdch slov.<\/p>\n<p>Birmovanec prij\u00edma pln\u00fa \u00fa\u010das\u0165 na poslan\u00ed Cirkvi a zavr\u0161uje krst. Posil\u0148uje sa vo viere a v duchovnom boji. Plnos\u0165 Ducha nie je len na osobn\u00e9 posv\u00e4tenie, ale na budovanie Cirkvi. V jeho sile maj\u00fa u\u010den\u00edci vyd\u00e1va\u0165 svedectvo.<\/p>\n<p>Pred prijat\u00edm birmovky je potrebn\u00e9 absolvova\u0165 nieko\u013ekomesa\u010dn\u00fa pr\u00edpravu. O term\u00edne prihl\u00e1senia sa na birmovku a za\u010diatku birmovaneckej pr\u00edpravy informujeme prostredn\u00edctvom farsk\u00fdch oznamov a internetovej str\u00e1nky farnosti.&nbsp;<\/p>\n<p>Na birmovku si birmovanec poz\u00fdva birmovn\u00e9ho otca alebo birmovn\u00fa mamu. Je ve\u013emi vhodn\u00e9, ak birmovn\u00fdm rodi\u010dom je krstn\u00fd rodi\u010d, t\u00fdm sa vyjadruje aj s\u00favis medzi krstom a birmovan\u00edm. Birmovn\u00fdm rodi\u010dom m\u00f4\u017ee by\u0165 len pobirmovan\u00fd kres\u0165an katol\u00edk.<\/p>\n<p>Sviatos\u0165 birmovania sa v na\u0161ej farnosti vysluhuje ka\u017ed\u00e9 dva roky. Najbli\u017e\u0161ia birmovka bude v roku 2026. Pre dospel\u00fdch bude pr\u00edprava prisp\u00f4soben\u00e1 mo\u017enostiam z\u00e1ujemcov. Na to, aby ste mohli prija\u0165 sviatos\u0165 birmovania, mus\u00edte by\u0165 pokrsten\u00fd.&nbsp;<\/p>\n<p>Prihlasovanie na pr\u00edpravu a prijatie sviatosti birmovania v roku 2026 je ukon\u010den\u00e9. Na bud\u00faci rok za\u010d\u00edna pr\u00edprava na sviatos\u0165 birmovania vo Farnosti Tren\u010d\u00edn Juh. Prihl\u00e1si\u0165 sa m\u00f4\u017eu aj na\u0161i farn\u00edci.&nbsp;<\/p>\n<p>&nbsp;<\/p>\n<p>&#8212;&#8212;&#8212;&#8212;&#8212;&#8212;&#8211;<strong>Pr\u00edprava na prijatie sviatosti birmovania 2026<\/strong>&#8212;&#8212;&#8212;&#8212;&#8212;&#8212;&#8212;&#8212;<\/p>\n<p>&nbsp;<\/p>\n\n\n<\/p>\n<p>Mil\u00ed rodi\u010dia a&nbsp;birmovanci<\/p>\n<p>\n\n\n\n<\/p>\n<p>Sviatos\u0165 birmovania je d\u00f4le\u017eit\u00fdm prvkom v&nbsp;\u017eivote kres\u0165ana. V\u010faka tejto sviatosti prij\u00edmame v&nbsp;pln\u0161ej miere <strong>najv\u00e4\u010d\u0161\u00ed dar \u2013 Ducha Sv\u00e4t\u00e9ho<\/strong>, ktor\u00fd n\u00e1m potom m\u00f4\u017ee mnohorako pom\u00e1ha\u0165 v&nbsp;dosahovan\u00ed osobnej sv\u00e4tosti a&nbsp;v&nbsp;hl\u00e1san\u00ed radostnej zvesti tomuto svetu.<\/p>\n<p>\n\n\n\n<\/p>\n<p>Na prijatie tejto sviatosti je potrebn\u00e9 sa pripravi\u0165. Pr\u00edprava <strong>za\u010d\u00edna v&nbsp;piatok, 12.&nbsp;septembra 2025, \u00favodnou ml\u00e1de\u017en\u00edckou sv\u00e4tou om\u0161ou o&nbsp;17:00h v&nbsp;Kostole Notre Dame<\/strong> (pri Gymn\u00e1ziu \u013dudov\u00edta \u0160t\u00fara).<\/p>\n<p>\n\n\n\n<\/p>\n<p>Do pozornosti d\u00e1vame <strong>\u00favodn\u00fa birmovaneck\u00fa v\u00edkendovku na chate \u201eKubrica\u201c, ktor\u00e1 bude od 26.-28. septembra 2025.<\/strong><\/p>\n<p>\n\n\n\n<\/p>\n<p><strong>Hlavn\u00e1 \u010das\u0165<\/strong> pr\u00edpravy bude spo\u010d\u00edva\u0165 v<strong>&nbsp;piatkov\u00fdch ml\u00e1de\u017en\u00edckych sv\u00e4t\u00fdch om\u0161iach <\/strong>o&nbsp;17:00h v&nbsp;Kostole Notre Dame (rozpis sv\u00e4t\u00fdch om\u0161\u00ed n\u00e1jdete ni\u017e\u0161ie) a&nbsp;v&nbsp;<strong>stretnutiach v&nbsp;skupink\u00e1ch<\/strong> (raz za mesiac po dohode s&nbsp;anim\u00e1torom). Okrem toho sa birmovanci zapoja aspo\u0148 do <strong>jednej \u010dinnosti vo farnosti<\/strong> pod\u013ea vlastn\u00e9ho v\u00fdberu. T\u00e1to \u010das\u0165 bude zameran\u00e1 predov\u0161etk\u00fdm na preh\u013abenie vz\u0165ahu s&nbsp;P\u00e1nom, s&nbsp;ostatn\u00fdmi birmovancami a&nbsp;s&nbsp;farsk\u00fdm spolo\u010denstvom.<\/p>\n<p>\n\n\n\n<\/p>\n<p><strong>Materi\u00e1ly obsahuj\u00face te\u00f3riu<\/strong> bud\u00fa birmovancom zasielan\u00e9 cez whatsappov\u00fa skupinu. \u0160t\u00fadium t\u00fdchto materi\u00e1lov bude vo vlastnej r\u00e9\u017eii birmovancov, s&nbsp;t\u00fdm, \u017ee uprostred pr\u00edpravy ako aj na jej konci bude <strong>osobn\u00e9 stretnutie<\/strong>, ktor\u00e9ho cie\u013eom bude overenie nadobudnut\u00fdch poznatkov.<\/p>\n<p>\n\n\n\n<\/p>\n<p>Do pr\u00edpravy by sme chceli op\u00e4\u0165 zapoji\u0165 aj \u010dlenov n\u00e1\u0161ho farsk\u00e9ho spolo\u010denstva \u2013 \u013eudia bud\u00fa ma\u0165 <strong>mo\u017enos\u0165 duchovne si adoptova\u0165 jedn\u00e9ho birmovanca<\/strong>, za ktor\u00e9ho sa bud\u00fa denne modli\u0165. Birmovanci sa m\u00f4\u017eu zase denne modli\u0165 za dan\u00e9ho farn\u00edka. Pred koncom pr\u00edpravy bude sl\u00e1vnostn\u00e9 vz\u00e1jomn\u00e9 stretnutie birmovancov a&nbsp;\u013eud\u00ed, ktor\u00ed sa za nich modlili.<\/p>\n<p>\n\n\n\n<\/p>\n<p>Po\u010das pr\u00edpravy na prijatie sviatosti birmovania pova\u017eujeme za samozrejm\u00e9 <strong>pravideln\u00fa \u00fa\u010das\u0165 na nede\u013en\u00fdch sv\u00e4t\u00fdch om\u0161iach a&nbsp;sv\u00e4t\u00fdch spovediach <\/strong>(odpor\u00fa\u010dame raz za mesiac).<\/p>\n<p>\n\n\n\n<p>Tu s\u00fa term\u00edny piatkov\u00fdch <strong>ml\u00e1de\u017en\u00edckych sv\u00e4t\u00fdch om\u0161\u00ed<\/strong> v\u00a0Kostole Notre Dame o\u00a017:00: <strong>9. 1., 30.1., 13.2. <\/strong>(Farsk\u00fd kostol, 18:00)<strong>, 27.2., 13.3., 27.3., 10.4., 24.4., 8.5., 29.5., 12.6.<\/strong>(v tento de\u0148 bude n\u00e1cvik na birmovku).<\/p>\n\n\n\n<p><\/p>\n\n\n\n<p><\/p>\n\n\n\n<\/p>\n<p>(zvy\u0161n\u00e9 d\u00e1tumy dopln\u00edme nesk\u00f4r)<\/p>\n<p>\n\n\n\n<\/p>\n<p>&nbsp;<\/p>\n<p>\n\n\n\n<\/p>\n<p><strong>Z\u00e1le\u017eitosti, ktor\u00e9 treba vybavi\u0165 do konca roka 2025: <\/strong><\/p>\n<p>\n\n\n<ul class=\"wp-block-list\">\n<li><strong>Krstn\u00fd list birmovanca<\/strong><\/li>\n<li><strong>Doplni\u0165 birmovn\u00e9ho rodi\u010da<\/strong> (tla\u010divo dostanete po\u010das pr\u00edpravy)\n<ul class=\"wp-block-list\">\n<li>\n<p>\u00dalohou birmovn\u00e9ho rodi\u010da je formova\u0165 birmovn\u00e9 die\u0165a vo viere. Za t\u00fato \u00falohu berie zodpovednos\u0165 pred P\u00e1nom Bohom. Cirkev sa sna\u017e\u00ed&nbsp;zabezpe\u010di\u0165 t\u00fdch najlep\u0161\u00edch birmovn\u00fdch rodi\u010dov a&nbsp;preto ur\u010dila nasledovn\u00e9 podmienky:<\/p>\n<p>Birmovn\u00fdm rodi\u010dom <strong>m\u00f4\u017ee by\u0165 <\/strong>ten, kto:<\/p>\n<ul>\n<li style=\"list-style-type: none;\">\n<ul>\n<li>M\u00e1 min. 16 rokov.<\/li>\n<li>Je pokrsten\u00fdm katol\u00edkom, ktor\u00fd prijal najsv\u00e4tej\u0161iu Eucharistiu a&nbsp;sviatos\u0165 birmovania.<\/li>\n<li>Vedie \u017eivot primeran\u00fd viere a \u00falohe, ktor\u00fa m\u00e1 prija\u0165.<\/li>\n<li>Nie je postihnut\u00fd nijak\u00fdm k\u00e1nonick\u00fdm trestom, z\u00e1konne ulo\u017een\u00fdm alebo vyhl\u00e1sen\u00fdm.<\/li>\n<li>Nie je otcom alebo matkou birmovanca.<\/li>\n<\/ul>\n<\/li>\n<\/ul>\n<p>Birmovn\u00fdm rodi\u010dom <strong>nem\u00f4\u017ee by\u0165<\/strong> ten, kto:<\/p>\n<ul>\n<li style=\"list-style-type: none;\">\n<ul>\n<li>Je pokrsten\u00fd, no patr\u00ed do nekatol\u00edckej eklezi\u00e1lnej spolo\u010dnosti.<\/li>\n<li>Ne\u017eije v platnom katol\u00edckom man\u017eelstve.<\/li>\n<li>Je rozveden\u00fd.<\/li>\n<li>\u017dije v spolo\u010dnej dom\u00e1cnosti s mu\u017eom (\u017eenou), s ktor\u00fdm(ou) neuzavrel (a) katol\u00edcke man\u017eelstvo.)<\/li>\n<\/ul>\n<\/li>\n<\/ul>\n<\/li>\n<\/ul>\n<\/li>\n<li>Pokia\u013e&nbsp;<strong>birmovanec re\u00e1lne neb\u00fdva v na\u0161ej farnosti,<\/strong>&nbsp;je potrebn\u00e9 prinies\u0165 od vlastn\u00e9ho p\u00e1na far\u00e1ra s\u00fahlas s t\u00fdm, \u017ee birmovanec pr\u00edjme sviatos\u0165 birmovania mimo vlastnej farnosti (neplat\u00ed pre farn\u00edkov farnosti Tren\u010d\u00edn-Juh).<\/li>\n<\/ul>\n\n\n<p>Poz\u00fdvame rodi\u010dov (pr\u00edp. birmovancov) na organiza\u010dn\u00e9 stretnutie sl\u00e1vnosti sviatosti birmovania \u2013 v\u00a0utorok 10.2.2026 o\u00a018:00 v\u00a0Kostole Notre Dame.<\/p>\n\n\n\n<p>Sviatos\u0165 birmovania sa bude vysluhova\u0165 13. j\u00fana 2026 (doobeda) vo Farskom kostole Narodenia Panny M\u00e1rie v Tren\u010d\u00edne. <\/p>\n\n\n\n<\/p>\n<p>&nbsp;<\/p>\n<p>\n\n\n\n<\/p>\n<p><strong>Kontakt na zodpovedn\u00e9ho za pr\u00edpravu birmovancov:<\/strong><\/p>\n<p>\n\n\n\n<\/p>\n<p>Dominik Tisovsk\u00fd, farsk\u00fd vik\u00e1r<\/p>\n<p>\n\n\n\n<\/p>\n<p>tisovskydominik@gmail.com<\/p>\n<p>\n\n\n\n<\/p>\n<p>&nbsp;<\/p>\n<p>\n\n\n<\/p>","protected":false},"excerpt":{"rendered":"<p>Na Tur\u00edce naplnil apo\u0161tolov Duch Sv\u00e4t\u00fd. Vyzbrojil ich mocou z v\u00fdsosti a umo\u017enil hlb\u0161ie poznanie Kristov\u00fdch slov. Birmovanec prij\u00edma pln\u00fa \u00fa\u010das\u0165 na poslan\u00ed Cirkvi a zavr\u0161uje krst. Posil\u0148uje sa vo viere a v duchovnom boji. Plnos\u0165 Ducha nie je len&#8230;<\/p>\n","protected":false},"author":1,"featured_media":10433,"parent":124,"menu_order":0,"comment_status":"closed","ping_status":"closed","template":"","meta":{"ngg_post_thumbnail":0,"footnotes":""},"class_list":["post-30","page","type-page","status-publish","has-post-thumbnail","hentry"],"_links":{"self":[{"href":"https:\/\/trencin.fara.sk\/index.php?rest_route=\/wp\/v2\/pages\/30"}],"collection":[{"href":"https:\/\/trencin.fara.sk\/index.php?rest_route=\/wp\/v2\/pages"}],"about":[{"href":"https:\/\/trencin.fara.sk\/index.php?rest_route=\/wp\/v2\/types\/page"}],"author":[{"embeddable":true,"href":"https:\/\/trencin.fara.sk\/index.php?rest_route=\/wp\/v2\/users\/1"}],"replies":[{"embeddable":true,"href":"https:\/\/trencin.fara.sk\/index.php?rest_route=%2Fwp%2Fv2%2Fcomments&post=30"}],"version-history":[{"count":23,"href":"https:\/\/trencin.fara.sk\/index.php?rest_route=\/wp\/v2\/pages\/30\/revisions"}],"predecessor-version":[{"id":10858,"href":"https:\/\/trencin.fara.sk\/index.php?rest_route=\/wp\/v2\/pages\/30\/revisions\/10858"}],"up":[{"embeddable":true,"href":"https:\/\/trencin.fara.sk\/index.php?rest_route=\/wp\/v2\/pages\/124"}],"wp:featuredmedia":[{"embeddable":true,"href":"https:\/\/trencin.fara.sk\/index.php?rest_route=\/wp\/v2\/media\/10433"}],"wp:attachment":[{"href":"https:\/\/trencin.fara.sk\/index.php?rest_route=%2Fwp%2Fv2%2Fmedia&parent=30"}],"curies":[{"name":"wp","href":"https:\/\/api.w.org\/{rel}","templated":true}]}}