{"id":64,"date":"2012-09-17T09:38:20","date_gmt":"2012-09-17T07:38:20","guid":{"rendered":"http:\/\/trencin.fara.sk\/?page_id=64"},"modified":"2025-11-10T11:07:59","modified_gmt":"2025-11-10T10:07:59","slug":"kontakt","status":"publish","type":"page","link":"https:\/\/trencin.fara.sk\/?page_id=64","title":{"rendered":"\u00daRADN\u00c9 HODINY A KONTAKT"},"content":{"rendered":"\n<div class=\"wp-block-group\"><div class=\"wp-block-group__inner-container is-layout-flow wp-block-group-is-layout-flow\">\n<p style=\"text-align: left;\"><a href=\"http:\/\/trencin.fara.sk\/wp-content\/uploads\/2012\/09\/DSC008612.jpg\"><img loading=\"lazy\" decoding=\"async\" class=\"alignleft size-thumbnail wp-image-563\" title=\"DSC00861\" src=\"http:\/\/trencin.fara.sk\/wp-content\/uploads\/2012\/09\/DSC008612-150x150.jpg\" alt=\"\" width=\"150\" height=\"150\"><\/a>R\u00cdMSKOKATOL\u00cdCKA CIRKEV FARNOS\u0164 TREN\u010c\u00cdN&nbsp; &nbsp; &nbsp; &nbsp; &nbsp; &nbsp; &nbsp; &nbsp; &nbsp; &nbsp; &nbsp;<\/p>\n<p style=\"text-align: left;\">Mari\u00e1nske n\u00e1mestie 2<br>911 01 Tren\u010d\u00edn<\/p>\n<p>&nbsp;<\/p>\n<p><strong>Telefonick\u00fd kontakt:<br><\/strong>Mobiln\u00fd telef\u00f3n:&nbsp;<strong>0910 852 349<\/strong><strong><br><\/strong>Zaopatrenie chor\u00fdch v nemocnici: <strong>0907 772 446<\/strong><\/p>\n<p><strong>\u010c\u00edslo \u00fa\u010dtu:<br>IBAN: SK10 0900 0000 0000 4169 3333<\/strong><\/p>\n<p>Milodar na podporu farnosti m\u00f4\u017eete posla\u0165 aj bezhotovostne naskenovan\u00edm QR k\u00f3du do aplik\u00e1cie elektronick\u00e9ho bankovn\u00edctva v mobilnom telef\u00f3ne.<\/p>\n<p><a href=\"http:\/\/trencin.fara.sk\/wp-content\/uploads\/2024\/08\/fara-qr.jpg\"><img loading=\"lazy\" decoding=\"async\" class=\"alignleft wp-image-9970 size-medium\" src=\"http:\/\/trencin.fara.sk\/wp-content\/uploads\/2024\/08\/fara-qr-256x300.jpg\" alt=\"\" width=\"256\" height=\"300\" srcset=\"https:\/\/trencin.fara.sk\/wp-content\/uploads\/2024\/08\/fara-qr-256x300.jpg 256w, https:\/\/trencin.fara.sk\/wp-content\/uploads\/2024\/08\/fara-qr.jpg 512w\" sizes=\"(max-width: 256px) 100vw, 256px\" \/><\/a><\/p>\n<figure class=\"wp-block-image aligncenter size-full is-resized has-custom-border wp-lightbox-container\" data-wp-context=\"{&quot;uploadedSrc&quot;:&quot;https:\\\/\\\/www.faraopatova.sk\\\/wp-content\\\/uploads\\\/2024\\\/02\\\/zvoncek.png&quot;,&quot;figureClassNames&quot;:&quot;wp-block-image aligncenter size-full is-resized has-custom-border&quot;,&quot;figureStyles&quot;:null,&quot;imgClassNames&quot;:&quot;wp-image-3968&quot;,&quot;imgStyles&quot;:&quot;border-top-left-radius:5px;border-top-right-radius:5px;border-bottom-left-radius:5px;border-bottom-right-radius:5px;width:168px;height:auto&quot;,&quot;targetWidth&quot;:512,&quot;targetHeight&quot;:600,&quot;scaleAttr&quot;:false,&quot;ariaLabel&quot;:&quot;Zv\\u00e4\\u010d\\u0161i\\u0165 obr\\u00e1zok: Elektronick\\u00fd zvon\\u010dek&quot;,&quot;alt&quot;:&quot;Elektronick\\u00fd zvon\\u010dek&quot;}\" data-wp-interactive=\"core\/image\"><\/figure>\n<p><strong>E-mail:<\/strong> <strong>trencin@nrb.sk&nbsp;<\/strong>&nbsp; &nbsp; &nbsp; &nbsp; &nbsp; &nbsp; &nbsp; &nbsp; &nbsp; &nbsp; &nbsp; &nbsp; &nbsp; &nbsp; &nbsp; &nbsp;<\/p>\n<p><strong>\u00daradn\u00e9 hodiny: &nbsp; &nbsp;<\/strong><strong> &nbsp; &nbsp; &nbsp; &nbsp; &nbsp; &nbsp; &nbsp; &nbsp; &nbsp; &nbsp; &nbsp; &nbsp; &nbsp; &nbsp; &nbsp; &nbsp; &nbsp; &nbsp; &nbsp; &nbsp; &nbsp; &nbsp; &nbsp; &nbsp; &nbsp; &nbsp; &nbsp; &nbsp; &nbsp; &nbsp; &nbsp; &nbsp; &nbsp; &nbsp; &nbsp; &nbsp; &nbsp; &nbsp; &nbsp;<\/strong><\/p>\n<p>PONDELOK: &nbsp;<strong>17.00 &#8211; 18.00 hod.<br><\/strong><span style=\"font-size: revert; color: initial;\">STREDA:&nbsp; &nbsp; &nbsp; &nbsp; <\/span><strong style=\"font-size: revert; color: initial;\">17.00 &#8211; 18.00 hod.<\/strong><span style=\"font-size: revert; color: initial;\"><br><\/span><span style=\"font-size: revert; color: initial;\">PIATOK:&nbsp; &nbsp; &nbsp; &nbsp; &nbsp; <\/span><strong style=\"font-size: revert; color: initial;\">9.00 &#8211; 10.00 hod.<\/strong><span style=\"font-size: revert; color: initial;\">&nbsp;<br><\/span>SOBOTA:&nbsp; &nbsp; &nbsp; &nbsp; <strong>9.00 &#8211; 10.00 hod.<\/strong> &nbsp;&nbsp; &nbsp; &nbsp; &nbsp; &nbsp; &nbsp; &nbsp; &nbsp; &nbsp; &nbsp; &nbsp; &nbsp; &nbsp; &nbsp; &nbsp; &nbsp; &nbsp; &nbsp; &nbsp; &nbsp;&nbsp;<\/p>\n<ul>\n<li><strong>na cirkevn\u00e9 alebo \u0161t\u00e1tne sviatky s\u00fa \u00faradn\u00e9 hodiny v kancel\u00e1rii F\u00da zru\u0161en\u00e9.<\/strong><\/li>\n<li>\u00faradn\u00e9 hodiny, zvl\u00e1\u0161\u0165 po\u010das sviato\u010dn\u00fdch obdob\u00ed, m\u00f4\u017eu by\u0165 zmenen\u00e9 alebo zru\u0161en\u00e9 \u2013 pros\u00edme, v\u017edy si pre istotu pre\u010d\u00edtajte farsk\u00e9 oznamy na v\u00fdvesk\u00e1ch kostolov alebo na\u0161ej internetovej str\u00e1nke.<\/li>\n<\/ul>\n<p style=\"text-align: justify;\"><strong>K\u0148azi vo farnosti:<br><\/strong>Vdp. PaedDr. <strong>Milan Pol\u00e1k<\/strong>, far\u00e1r<\/p>\n<p style=\"text-align: justify;\">Dp. Dominik Tisovsk\u00fd, kapl\u00e1n<br><span style=\"line-height: 1.5em;\">Dp. Pavol Trgo, kapl\u00e1n<\/span><br><span style=\"line-height: 1.5em;\">Vdp. Pavol Benko, nemocni\u010dn\u00fd kapl\u00e1n<br><\/span><\/p>\n<p><strong>Reho\u013en\u00e9 spolo\u010dnosti:<br><\/strong><a href=\"http:\/\/www.piaristi.sk\/\" target=\"_blank\" rel=\"noopener noreferrer\">Reho\u013ea piaristov<\/a>, Palack\u00e9ho 2, 911 01 Tren\u010d\u00edn, tel.: 032\/743 70 86<br><a href=\"http:\/\/www.sestrynd.stranka.info\/\" target=\"_blank\" rel=\"noopener noreferrer\">Kongreg\u00e1cia \u0161kolsk\u00fdch sestier de Notre Dame<\/a>, 1. m\u00e1ja&nbsp;7A, 911 01 Tren\u010d\u00edn, tel.: 032\/652 88 36<br><a href=\"http:\/\/www.satmarky.sk\/\" target=\"_blank\" rel=\"noopener noreferrer\">Milosrdn\u00e9 sestry sv. Vincenta &#8211; Satm\u00e1rky<\/a>, N\u00e1mestie sv. Anny 2, 911 01 Tren\u010d\u00edn, tel.: 032\/640 03 77<\/p>\n<p><strong>\u0160koly:<br><\/strong><a href=\"http:\/\/zsasbtn.edupage.org\/\" target=\"_blank\" rel=\"noopener noreferrer\">Z\u00e1kladn\u00e1 \u0161kola s materskou \u0161kolou sv. Andreja &#8211; Svorada a Benedikta<br><\/a><a href=\"http:\/\/pasatn.edupage.org\/\" target=\"_blank\" rel=\"noopener noreferrer\">Stredn\u00e1 odborn\u00e1 \u0161kola pedagogick\u00e1 sv. Andreja &#8211; Svorada a Benedikta<\/a><\/p>\n\n\n\n<p><\/p>\n<\/div><\/div>\n\n\n\n<div class=\"wp-block-group\"><div class=\"wp-block-group__inner-container is-layout-flow wp-block-group-is-layout-flow\"><\/div><\/div>\n\n\n\n<p><\/p>\n","protected":false},"excerpt":{"rendered":"<p>R\u00cdMSKOKATOL\u00cdCKA CIRKEV FARNOS\u0164 TREN\u010c\u00cdN&nbsp; &nbsp; &nbsp; &nbsp; &nbsp; &nbsp; &nbsp; &nbsp; &nbsp; &nbsp; &nbsp; Mari\u00e1nske n\u00e1mestie 2911 01 Tren\u010d\u00edn &nbsp; Telefonick\u00fd kontakt:Mobiln\u00fd telef\u00f3n:&nbsp;0910 852 349Zaopatrenie chor\u00fdch v nemocnici: 0907 772 446 \u010c\u00edslo \u00fa\u010dtu:IBAN: SK10 0900 0000 0000 4169 3333 Milodar&#8230;<\/p>\n","protected":false},"author":1,"featured_media":563,"parent":0,"menu_order":0,"comment_status":"closed","ping_status":"closed","template":"","meta":{"ngg_post_thumbnail":0,"footnotes":""},"class_list":["post-64","page","type-page","status-publish","has-post-thumbnail","hentry"],"_links":{"self":[{"href":"https:\/\/trencin.fara.sk\/index.php?rest_route=\/wp\/v2\/pages\/64"}],"collection":[{"href":"https:\/\/trencin.fara.sk\/index.php?rest_route=\/wp\/v2\/pages"}],"about":[{"href":"https:\/\/trencin.fara.sk\/index.php?rest_route=\/wp\/v2\/types\/page"}],"author":[{"embeddable":true,"href":"https:\/\/trencin.fara.sk\/index.php?rest_route=\/wp\/v2\/users\/1"}],"replies":[{"embeddable":true,"href":"https:\/\/trencin.fara.sk\/index.php?rest_route=%2Fwp%2Fv2%2Fcomments&post=64"}],"version-history":[{"count":190,"href":"https:\/\/trencin.fara.sk\/index.php?rest_route=\/wp\/v2\/pages\/64\/revisions"}],"predecessor-version":[{"id":10774,"href":"https:\/\/trencin.fara.sk\/index.php?rest_route=\/wp\/v2\/pages\/64\/revisions\/10774"}],"wp:featuredmedia":[{"embeddable":true,"href":"https:\/\/trencin.fara.sk\/index.php?rest_route=\/wp\/v2\/media\/563"}],"wp:attachment":[{"href":"https:\/\/trencin.fara.sk\/index.php?rest_route=%2Fwp%2Fv2%2Fmedia&parent=64"}],"curies":[{"name":"wp","href":"https:\/\/api.w.org\/{rel}","templated":true}]}}