{"id":79,"date":"2012-09-17T10:03:11","date_gmt":"2012-09-17T08:03:11","guid":{"rendered":"http:\/\/trencin.fara.sk\/?page_id=79"},"modified":"2023-07-06T00:14:14","modified_gmt":"2023-07-05T22:14:14","slug":"liturgicky-kalendar","status":"publish","type":"page","link":"https:\/\/trencin.fara.sk\/?page_id=79","title":{"rendered":"Liturgick\u00e9 texty"},"content":{"rendered":"<p><a href=\"http:\/\/lc.kbs.sk\/\" target=\"_blank\" rel=\"noopener noreferrer\">Liturgick\u00e9 \u010d\u00edtania na dne\u0161n\u00fd de\u0148<\/a><\/p>\n<p><a href=\"http:\/\/lc.christ-net.sk\/?mesiac=now\" target=\"_blank\" rel=\"noopener noreferrer\">Liturgick\u00fd kalend\u00e1r na cel\u00fd mesiac<\/a><\/p>\n<p><a href=\"https:\/\/breviar.sk\/default.htm\" target=\"_blank\" rel=\"noopener noreferrer\">Liturgia hod\u00edn (brevi\u00e1r)<\/a><\/p>\n","protected":false},"excerpt":{"rendered":"<p>Liturgick\u00e9 \u010d\u00edtania na dne\u0161n\u00fd de\u0148 Liturgick\u00fd kalend\u00e1r na cel\u00fd mesiac Liturgia hod\u00edn (brevi\u00e1r)<\/p>\n","protected":false},"author":1,"featured_media":0,"parent":119,"menu_order":0,"comment_status":"closed","ping_status":"closed","template":"","meta":{"ngg_post_thumbnail":0,"footnotes":""},"class_list":["post-79","page","type-page","status-publish","hentry"],"_links":{"self":[{"href":"https:\/\/trencin.fara.sk\/index.php?rest_route=\/wp\/v2\/pages\/79"}],"collection":[{"href":"https:\/\/trencin.fara.sk\/index.php?rest_route=\/wp\/v2\/pages"}],"about":[{"href":"https:\/\/trencin.fara.sk\/index.php?rest_route=\/wp\/v2\/types\/page"}],"author":[{"embeddable":true,"href":"https:\/\/trencin.fara.sk\/index.php?rest_route=\/wp\/v2\/users\/1"}],"replies":[{"embeddable":true,"href":"https:\/\/trencin.fara.sk\/index.php?rest_route=%2Fwp%2Fv2%2Fcomments&post=79"}],"version-history":[{"count":37,"href":"https:\/\/trencin.fara.sk\/index.php?rest_route=\/wp\/v2\/pages\/79\/revisions"}],"predecessor-version":[{"id":8996,"href":"https:\/\/trencin.fara.sk\/index.php?rest_route=\/wp\/v2\/pages\/79\/revisions\/8996"}],"up":[{"embeddable":true,"href":"https:\/\/trencin.fara.sk\/index.php?rest_route=\/wp\/v2\/pages\/119"}],"wp:attachment":[{"href":"https:\/\/trencin.fara.sk\/index.php?rest_route=%2Fwp%2Fv2%2Fmedia&parent=79"}],"curies":[{"name":"wp","href":"https:\/\/api.w.org\/{rel}","templated":true}]}}